.
2
Calculate the highest common divisor of 5254 and 284.
142
Calculate the greatest common divisor of 15 and 1995.
15
Calculate the greatest common divisor of 48 and 752.
16
Calculate the highest common divisor of 328 and 779.
41
Calculate the highest common factor of 7 and 2723.
7
What is the highest common divisor of 17 and 59?
1
What is the highest common factor of 962 and 754?
26
Calculate the highest common divisor of 38 and 171.
19
Calculate the greatest common factor of 56 and 232.
8
What is the greatest common factor of 19 and 95?
19
Calculate the greatest common factor of 2485 and 35.
35
What is the greatest common divisor of 2187 and 27?
27
What is the greatest common divisor of 808 and 303?
101
Calculate the greatest common divisor of 180 and 28260.
180
Calculate the highest common divisor of 2030 and 140.
70
What is the greatest common factor of 20 and 80?
20
What is the greatest common factor of 30 and 9?
3
Calculate the highest common divisor of 285 and 60.
15
Calculate the greatest common factor of 15895 and 561.
187
What is the greatest common divisor of 24 and 318?
6
What is the greatest common factor of 1017 and 9?
9
What is the greatest common factor of 1482 and 18?
6
What is the greatest common factor of 295 and 3245?
295
What is the highest common factor of 39 and 21?
3
What is the highest common divisor of 1105 and 935?
85
Calculate the greatest common divisor of 3234 and 44.
22
What is the greatest common divisor of 385 and 3430?
35
Calculate the greatest common divisor of 66 and 616.
22
What is the greatest common divisor of 179 and 9487?
179
What is the highest common divisor of 665 and 855?
95
Calculate the greatest common divisor of 805 and 35.
35
What is the highest common divisor of 300 and 90?
30
Calculate the highest common factor of 18 and 54.
18
What is the highest common factor of 51 and 1530?
51
What is the highest common divisor of 28 and 4088?
28
Calculate the highest common divisor of 78 and 132.
6
Calculate the greatest common factor of 24644 and 366.
122
Calculate the greatest common divisor of 533 and 52.
13
What is the greatest common factor of 180 and 100?
20
What is the highest common divisor of 87527 and 73?
73
Calculate the greatest common factor of 1368 and 144.
72
Calculate the greatest common factor of 17168 and 174.
58
What is the greatest common divisor of 138 and 736?
46
Calculate the greatest common divisor of 32 and 152.
8
Calculate the highest common divisor of 7584 and 96.
96
What is the greatest common factor of 18 and 54?
18
Calculate the highest common divisor of 2013 and 33.
33
Calculate the greatest common divisor of 242 and 1331.
121
What is the greatest common factor of 3247 and 34?
17
Calculate the greatest common factor of 168 and 4272.
24
Calculate the greatest common divisor of 900 and 360.
180
What is the highest common divisor of 209 and 4?
1
Calculate the greatest common divisor of 1760 and 65.
5
Calculate the highest common divisor of 380 and 76.
76
What is the greatest common divisor of 3488 and 1090?
218
What is the greatest common factor of 75 and 5325?
75
Calculate the greatest common divisor of 297 and 99.
99
What is the greatest common factor of 5 and 65?
5
Calculate the greatest common factor of 2499 and 882.
147
Calculate the greatest common factor of 2 and 1416.
2
Calculate the highest common divisor of 99 and 22.
11
What is the highest common factor of 88 and 584?
8
Calculate the highest common factor of 33 and 3.
3
What is the highest common factor of 270 and 20?
10
Calculate the greatest common factor of 33 and 1111.
11
What is the highest common divisor of 5957 and 805?
161
What is the greatest common divisor of 6303 and 11?
11
What is the highest common divisor of 44 and 25454?
22
Calculate the highest common factor of 140 and 380.
20
What is the highest common factor of 44 and 1606?
22
What is the greatest common factor of 60 and 336?
12
What is the greatest common divisor of 55 and 135?
5
Calculate the greatest common factor of 7028 and 28.
28
What is the highest common factor of 596 and 68?
4
What is the greatest common factor of 66 and 484?
22
What is the greatest common divisor of 28 and 4228?
28
What is the greatest common factor of 34 and 1003?
17
Calculate the greatest common divisor of 232 and 5684.
116
What is the highest common divisor of 374 and 33?
11
What is the highest common divisor of 309 and 2575?
103
What is the greatest common factor of 115 and 5?
5
Calculate the greatest common divisor of 468 and 24.
12
Calculate the highest common factor of 8763 and 69.
69
Calculate the highest common factor of 2240 and 240.
80
What is the greatest common factor of 46 and 2254?
46
What is the highest common divisor of 6059 and 166?
83
What is the greatest common divisor of 888 and 2442?
222
Calculate the greatest common factor of 342 and 2451.
57
Calculate the highest common factor of 532 and 1904.
28
What is the highest common divisor of 6966 and 27?
27
What is the highest common divisor of 10 and 4630?
10
What is the highest common factor of 8 and 20?
4
What is the greatest common divisor of 380 and 2052?
76
Calculate the greatest common divisor of 1315 and 7364.
263
Calculate the highest common divisor of 12 and 24678.
6
Calculate the highest common divisor of 85 and 289.
17
What is the highest common factor of 4825 and 386?
193
What is the highest common divisor of 96 and 240?
48
What is the highest common factor of 72 and 108?
36
Calculate the greatest common divisor of 220 and 77.
11
Calculate the greatest common divisor of 204 and 340.
68
What is the highest common divisor of 135 and 105?
15
Calculate the greatest common divisor of 114 and 16017.
57
Calculate the greatest common divisor of 17776 and 121.
11
What is the greatest common divisor of 2 and 10?
2
What is the greatest common divisor of 30 and 240?
30
What is the highest common divisor of 1751 and 17?
17
What is the greatest common divisor of 813 and 3?
3
What is the greatest common divisor of 48 and 216?
24
What is the greatest common factor of 1081 and 235?
47
Calculate the highest common divisor of 24 and 256.
8
What is the highest common divisor of 291 and 97?
97
What is the highest common factor of 110 and 820?
10
What is the highest common factor of 96 and 168?
24
Calculate the greatest common divisor of 64 and 48.
16
What is the highest common factor of 22586 and 46?
46
What is the highest common divisor of 268 and 5762?
134
What is the highest common divisor of 44 and 460?
4
Calculate the highest common divisor of 658 and 1598.
94
Calculate the greatest common divisor of 38 and 114.
38
Calculate the greatest common factor of 480 and 90.
30
What is the greatest common divisor of 1 and 1?
1
Calculate the highest common factor of 67 and 46565.
67
Calculate the highest common factor of 72 and 2488.
8
Calculate the greatest common divisor of 913 and 33.
11
Calculate the highest common divisor of 440 and 360.
40
What is the greatest common factor of 6 and 6174?
6
Calculate the greatest common factor of 216 and 1431.
27
What is the highest common factor of 224 and 35?
7
Calculate the highest common factor of 8 and 80.
8
Calculate the greatest common factor of 240 and 27120.
240
What is the greatest common divisor of 95 and 893?
19
What is the highest common factor of 456 and 1176?
24
Calculate the highest common divisor of 518 and 185.
37
Calculate the highest common divisor of 11 and 3377.
11
Calculate the highest common divisor of 6069 and 42.
21
Calculate the greatest common factor of 370 and 148.
74
Calculate the greatest common divisor of 169 and 39.
13
Calculate the greatest common factor of 2418 and 234.
78
What is the greatest common factor of 1518 and 66?
66
Calculate the highest common factor of 4422 and 1809.
201
What is the greatest common factor of 96 and 7152?
48
What is the highest common factor of 124 and 5332?
124
Calculate the highest common divisor of 45 and 6.
3
Calculate the greatest common divisor of 5206 and 1918.
274
Calculate the highest common divisor of 1918 and 42.
14
Calculate the highest common factor of 1782 and 88.
22
What is the greatest common factor of 143 and 88?
11
Calculate the highest common factor of 260 and 585.
65
What is the greatest common